/4 is divided by d?
32
Let j(a) = -a**3 - 6*a**2 + 6*a - 9. Let h be j(-6). Calculate the remainder when 2218/8 + h/(-60) is divided by 10.
8
Let b(h) = 659*h + 4000. Calculate the remainder when 349 is divided by b(-6).
27
Suppose 6 + 0 = 4*p + 2*i, -3*i = -2*p + 23. Suppose -p*h + h = -66. Let a = 353 - 246. What is the remainder when a is divided by h?
19
Let u = -162 - -175. Let z(a) = -a**3 + 19*a**2 + 10. What is the remainder when (u/(-26))/(1/26*-1) is divided by z(19)?
3
Suppose v - 542 = -3*k, -2*k + 4*v + 374 = 22. What is the remainder when 397 is divided by k?
37
Let s = 480 - 413. What is the remainder when s is divided by 21?
4
Let t(w) = w**2 + 8*w + 18. Let r be t(-5). Suppose -5*b - r*a = -51, -3*b - 2*a = -a - 33. Calculate the remainder when 34 is divided by b.
10
Suppose 4*y + 0*y = 5*f + 367, -5*f - 4*y = 343. Let n = -47 - f. Let h = -168 + 262. Calculate the remainder when h is divided by n.
22
Let x = 5168 + -3852. Calculate the remainder when x is divided by 21.
14
Calculate the remainder when 2919 is divided by (150/(-4))/((-2)/18 - (-9)/(-162)).
219
Suppose 11*s = 1290 - 135. Let g = 175 - s. Calculate the remainder when g is divided by 42.
28
What is the remainder when ((-47)/(9/((-378)/(-15))))/((-4)/10) is divided by 157?
15
Suppose -56041*i = -56057*i + 416. What is the remainder when 2625 is divided by i?
25
Suppose 8 + 10 = 5*t - 47. Calculate the remainder when 24 is divided by t.
11
Suppose 127*y - 2261 = 33*y + 2533. Suppose 3*j + 0*z - 740 = 5*z, -2*j + 3*z + 494 = 0. Calculate the remainder when j is divided by y.
46
Let g = 85 - 82. Let q(i) = -i + 13. Let c(a) = -a + 12. Let n(y) = 4*c(y) - 3*q(y). Calculate the remainder when 14 is divided by n(g).
2
Let u be -2*215/(-8) + (-2)/(-8). Suppose -5*x = -11*x + u. Calculate the remainder when 18/(-27) + (-158)/(-3) is divided by x.
7
Calculate the remainder when -8 + 11566 + (-10 - 1) is divided by 110.
107
Suppose 212 - 545 = 37*i. Let h be -2*1/4*12. What is the remainder when 25 is divided by (i/(-2))/((-3)/h)?
7
What is the remainder when ((-1463)/28 - 7)/(4 - 175/40) is divided by 18?
14
Suppose -11*v = -v - 5740. Suppose 17*z - 3*z - v = 0. Calculate the remainder when z is divided by 22.
19
Let y = -1290 - -1532. Calculate the remainder when y is divided by 61.
59
Let a be 5/(-10)*206 - -1. Let s = a + 159. What is the remainder when 26 is divided by s/8 - (-5)/(-40)?
5
Let f(i) = 96*i**2 + 8*i - 13. What is the remainder when f(2) is divided by 6?
3
Suppose -40*l + 118855 - 29415 = 0. What is the remainder when l is divided by 16?
12
Suppose 4*l - 111 = 5*j, -96 = -l - 3*j - 98. Calculate the remainder when 976 is divided by l.
7
Let l = -20 + 24. Suppose -4*t = -6*t, -l*t = -2*o + 8. Calculate the remainder when 4/(-4*o/(-104)) is divided by 8.
2
Let x = -10200 - -13354. What is the remainder when x is divided by 23?
3
What is the remainder when (1016 + -42)*-4*4/(-32) is divided by 17?
11
Let d(q) = q**3 + 3*q**2 - 10*q - 20. Let o(m) = 12*m**2 - m. Let r be o(1). Let z = r + -9. What is the remainder when d(-4) is divided by z?
0
Suppose 0 = -0*w + w - 1. Let a = w + 14. Let n(p) = -4*p**2 - 151*p - 329. What is the remainder when n(-35) is divided by a?
11
Let m be ((-33)/(-12) - (-6)/(-8)) + 145. Suppose 3*j + m = 447. Suppose -37*d = 24 - 986. What is the remainder when j is divided by d?
22
Let a(v) be the first derivative of -2*v**3/3 - 17*v**2/2 + 96*v + 188. Let s(i) = 46*i**2 - i - 1. What is the remainder when s(-1) is divided by a(-12)?
10
Suppose r - 4*h - 2131 = 0, 108*r = 105*r + 3*h + 6375. Calculate the remainder when r is divided by 12.
11
Let r(s) = 21*s + 47. Let m be r(16). Let u = m - -521. What is the remainder when 0 - u/(-11) - 6/33 is divided by 21?
19
Suppose 2480 = -2429*f + 2449*f. Calculate the remainder when 1411 is divided by f.
47
Let q(b) = b**2 - 2*b - 49. Let n be q(15). Suppose 11*a = 498 - n. Calculate the remainder when 60 is divided by a.
28
Suppose 151*t + 660 = 146*t. Let w = t - -467. What is the remainder when w is divided by 88?
71
Suppose 2*n = 2, -4*p - 1 = -3*p - n. Suppose 0 = 4*c + 5*a + 1772, p = -0*a - 2*a - 8. Let t = -240 - c. What is the remainder when t is divided by 50?
48
Let y(d) = 13*d**3 - 4*d**2 + 19*d - 28. Let t = -3 + 53. Calculate the remainder when y(2) is divided by t.
48
Let q(k) = -81*k - 1597. Calculate the remainder when q(-22) is divided by 39.
29
Let u(i) = i**3 - 4*i**2 + 5*i - 1. Suppose -36*l + 33*l = -468. Suppose 7*w - l = 33. Calculate the remainder when w is divided by u(3).
2
Suppose p - 7*b + 2*b - 26 = 0, -1 = 4*p + b. Let w(q) = 22*q**2 + 6*q - 5. What is the remainder when 113 is divided by w(p)?
21
Let k = -4046 - -4296. Calculate the remainder when k is divided by 36.
34
Suppose -3*i = 2*w - 1226, -i + 126 + 311 = -5*w. Let g = 696 - i. What is the remainder when g is divided by 15?
14
Suppose 4*f - 4 = 0, -3*k - f = -4*f - 6. What is the remainder when 249 is divided by (-2 - -3) + k/(9/51)?
15
Suppose -p = 3*p + 16. Suppose 4*z = -z + 105. What is the remainder when 690/9 - p/3 is divided by z?
15
Suppose -5*f + 3*i = 8*i - 5, 4*f + 3*i - 4 = 0. Let w be (1 - 1) + (f - 123)*-5. Suppose -48 - w = -14*a. Calculate the remainder when a is divided by 26.
21
Suppose -2*c - 3848 = -745*z + 741*z, 3806 = 4*z + 5*c. Calculate the remainder when z is divided by 44.
35
Suppose 105*h - 57*h + 124*h - 8944 = 0. What is the remainder when 405 is divided by h?
41
Let d = -14257 - -14274. What is the remainder when 11524 is divided by d?
15
Let a(i) = -61*i - 1265. What is the remainder when 58 is divided by a(-21)?
10
Suppose 9523 = 128*n - 7326 - 14639. Let h(o) = -5*o - 6. What is the remainder when n is divided by h(-5)?
18
Let k be 51/7 + 14 + 800/(-56). Suppose 5*f + 5*q = 610, 590 = 5*f - 12*q + k*q. What is the remainder when f is divided by 27?
12
Let w(t) = t**2 - 22*t + 27. Let s be w(25). Let o = -28 + s. What is the remainder when o is divided by 40?
34
Let p = -147 - -183. Suppose 2*w - p = -2*n - n, 5*n - 3*w - 79 = 0. Calculate the remainder when 289 is divided by n.
9
Suppose 4*u + 89*p - 85*p - 172 = 0, -u + 2*p + 28 = 0. Calculate the remainder when 400 is divided by u.
20
Suppose 0*z = 4*z. Suppose -s - 4*s + 945 = z. Suppose -281 = -58*p - 141 + 1716. What is the remainder when s is divided by p?
29
Suppose -6121 = -16*l - 921. Calculate the remainder when l is divided by 165.
160
Suppose -13*w + 19*w - 20022 = 0. Suppose -775 = 42*u - w. Calculate the remainder when 241 is divided by u.
58
Let f = -72 + 77. Suppose 3*q + 306 = f*z, z - 4*q = 27 + 24. Suppose 0 = 2*l - z + 19. What is the remainder when 82 is divided by l?
16
Suppose -4471 = -20*k - 1651. Calculate the remainder when k is divided by 55.
31
Let w = 313 + -305. What is the remainder when 36 is divided by w?
4
Suppose 3*v + l + 2 = 0, 9*l = -v + 6*l - 14. Calculate the remainder when 113 is divided by 2924/215*(5/2)/v.
11
Suppose 1656*n = 1652*n + 292. Let c = 9 + -2. Suppose 0 = -5*w + 3*o + 100, -c*w = -3*w - o - n. What is the remainder when 31 is divided by w?
14
What is the remainder when 714 is divided by (9 + -7)/1 + 3?
4
Let z(y) = -17*y**3 - 12*y**2 + 23*y + 96. Calculate the remainder when z(-2) is divided by (-3)/(-9) - 122/(-3).
15
Suppose 0 = -0*k + 3*k + 2*f - 15, 2*k - 21 = -5*f. Suppose 132 = 3*u - k*y, 174 = 5*u + y - 16. What is the remainder when u is divided by 16?
7
Let u = 151 + -146. Suppose 2*j + 1232 = 2*n, -10*j + 3060 = 5*n - u*j. What is the remainder when n is divided by 22?
20
Suppose -263*b + 418*b = 1883095. What is the remainder when b is divided by 98?
95
Let q = -45 - -48. Suppose 36 = q*t - t. What is the remainder when t is divided by 2?
0
Let s(k) = -k**3 + 11*k**2 + 25*k + 51. Suppose -5*l = -3*c + 29 + 9, -3*l = 2*c - 57. Calculate the remainder when s(12) is divided by c.
18
Let u(j) = -j**3 - 6*j**2 - 8*j - 12. Let g be u(-5). Suppose 6*i - g*i = 153. What is the remainder when i is divided by (2/(-4))/(46/(-1288)) + 1?
6
Let c = 8032 + -8021. What is the remainder when 5266 is divided by c?
8
Let k(j) = j**3 + 6*j**2 + 7*j. Let b be k(-3). Let q be b/7*56/12. Suppose 41 = s + 9*m - q*m, -4*s - 4*m = -84. What is the remainder when 78 is divide